9064239.
97, 149, 82963
What are the prime factors of 661447736?
2, 82680967
List the prime factors of 709188565.
5, 113, 1255201
List the prime factors of 442154097.
3, 7, 11, 29, 449
List the prime factors of 387916163.
3011, 128833
What are the prime factors of 78759831?
3, 26253277
What are the prime factors of 611626544?
2, 17, 211, 10657
List the prime factors of 109933953.
3, 349, 104999
List the prime factors of 390488283.
3, 17, 283579
List the prime factors of 340432882.
2, 199, 855359
What are the prime factors of 2499400946?
2, 7, 61, 2926699
List the prime factors of 1512044130.
2, 3, 5, 19, 2652709
What are the prime factors of 84823582?
2, 109, 389099
List the prime factors of 63884891.
7, 47, 194179
List the prime factors of 959476750.
2, 5, 131, 29297
What are the prime factors of 1305393710?
2, 5, 53, 811, 3037
What are the prime factors of 1990655147?
13, 103, 251, 5923
What are the prime factors of 85839457?
11, 709417
What are the prime factors of 86519762?
2, 7, 47, 131489
List the prime factors of 184917206.
2, 7207, 12829
List the prime factors of 293840843.
61, 1447, 3329
What are the prime factors of 1585957679?
1585957679
What are the prime factors of 1676452011?
3, 13, 83, 467, 1109
List the prime factors of 22794309.
3, 2532701
List the prime factors of 15210134.
2, 73, 104179
List the prime factors of 4420992645.
3, 5, 5393, 18217
What are the prime factors of 40118314?
2, 20059157
List the prime factors of 136643476.
2, 29, 47, 71, 353
What are the prime factors of 65834596?
2, 16458649
List the prime factors of 356045300.
2, 5, 13, 273881
List the prime factors of 993506750.
2, 5, 3974027
What are the prime factors of 3242277486?
2, 3, 7, 43, 598427
What are the prime factors of 6691109140?
2, 5, 334555457
What are the prime factors of 8193107?
13, 173, 3643
List the prime factors of 61141564.
2, 11, 1021, 1361
What are the prime factors of 459083704?
2, 57385463
What are the prime factors of 22606697?
22606697
List the prime factors of 604782940.
2, 5, 30239147
List the prime factors of 49601064.
2, 3, 23, 59, 1523
List the prime factors of 4201703.
11, 17, 22469
List the prime factors of 58927275.
3, 5, 11, 29, 821
What are the prime factors of 2835793221?
3, 18077, 52291
List the prime factors of 4623366.
2, 3, 11, 70051
List the prime factors of 113629750.
2, 5, 13, 34963
What are the prime factors of 94527359?
151, 626009
What are the prime factors of 2183881072?
2, 41, 3329087
List the prime factors of 152461351.
7, 727, 29959
What are the prime factors of 741629448?
2, 3, 7, 1471487
What are the prime factors of 98105686?
2, 7, 757, 9257
What are the prime factors of 92566794?
2, 3, 15427799
What are the prime factors of 246603827?
389, 633943
What are the prime factors of 80013037?
13, 73, 84313
What are the prime factors of 2648313412?
2, 43, 59, 260969
What are the prime factors of 116714292?
2, 3, 9726191
List the prime factors of 5397899802.
2, 3, 131, 6867557
List the prime factors of 44970363.
3, 1665569
What are the prime factors of 199474988?
2, 59, 89, 9497
What are the prime factors of 1154300227?
5261, 219407
List the prime factors of 173121360.
2, 3, 5, 31, 23269
List the prime factors of 70409551.
283, 248797
List the prime factors of 344203026.
2, 3, 443, 129497
What are the prime factors of 1236532486?
2, 7, 23, 3840163
List the prime factors of 12070123.
13, 928471
List the prime factors of 1782892117.
1782892117
What are the prime factors of 292249354?
2, 4243, 34439
What are the prime factors of 147720699?
3, 7, 53, 14747
What are the prime factors of 469607490?
2, 3, 5, 11, 17, 71, 131
What are the prime factors of 1628082055?
5, 401, 812011
List the prime factors of 453023659.
11, 97, 424577
List the prime factors of 53197382.
2, 7, 3799813
What are the prime factors of 114088836?
2, 3, 17, 559259
What are the prime factors of 122329372?
2, 11, 19, 131, 1117
List the prime factors of 1247469419.
7, 31, 5748707
List the prime factors of 184714059.
3, 1153, 53401
What are the prime factors of 384501732?
2, 3, 32041811
What are the prime factors of 434964277?
11, 101, 379, 1033
What are the prime factors of 345682991?
3923, 88117
What are the prime factors of 198648018?
2, 3, 157, 23431
What are the prime factors of 109324475?
5, 13, 359, 937
List the prime factors of 3348590061.
3, 1116196687
List the prime factors of 48964720.
2, 5, 7, 12491
List the prime factors of 3953452071.
3, 773, 1704809
What are the prime factors of 900905289?
3, 53, 106907
List the prime factors of 30456376.
2, 47, 81001
List the prime factors of 339034371.
3, 13, 41, 212029
What are the prime factors of 831576654?
2, 3, 2011, 22973
List the prime factors of 42168998.
2, 419, 50321
List the prime factors of 237414143.
237414143
List the prime factors of 1757987889.
3, 7, 83713709
What are the prime factors of 93979673?
93979673
List the prime factors of 50832258.
2, 3, 19, 127, 3511
What are the prime factors of 446106374?
2, 7, 31864741
List the prime factors of 209170272.
2, 3, 29, 75133
What are the prime factors of 1302268501?
6317, 206153
What are the prime factors of 91952537?
91952537
What are the prime factors of 76973674?
2, 19, 2025623
What are the prime factors of 4264599?
3, 233, 6101
What are the prime factors of 299743940?
2, 5, 191, 78467
What are the prime factors of 83414611?
7, 1702339
List the prime factors of 338227480.
2, 5, 293, 28859
List the prime factors of 161662977.
3, 7, 139, 18461
What are the prime factors of 1177267132?
2, 19, 131, 118247
List the prime factors of 6312091732.
2, 103, 151, 241, 421
List the prime factors of 21500197.
47, 9733
What are the prime factors of 218128368?
2, 3, 1787, 2543
List the prime factors of 3852629849.
43, 59, 1518577
List the prime factors of 88140685.
5, 1187, 14851
What are the prime factors of 136517137?
151, 904087
What are the prime factors of 32494064?
2, 2030879
List the prime factors of 132513680.
2, 5, 13, 47, 2711
What are the prime factors of 387139327?
387139327
List the prime factors of 120168784.
2, 17, 441797
List the prime factors of 4357550204.
2, 7, 3176057
What are the prime factors of 124517164?
2, 41, 43, 17657
What are the prime factors of 4191595862?
2, 223, 239, 39323
List the prime factors of 13315279.
1277, 10427
List the prime factors of 1120846335.
3, 5, 7, 269, 5669
List the prime factors of 5380894849.
11, 489172259
What are the prime factors of 991567200?
2, 3, 5, 13, 61, 521
What are the prime factors of 1588439594?
2, 7, 113459971
List the prime factors of 423829638.
2, 3, 599, 13103
List the prime factors of 43683794.
2, 7, 11, 827
What are the prime factors of 162357096?
2, 3, 11, 101, 6089
What are the prime factors of 84154052?
2, 443, 47491
List the prime factors of 88859793.
3, 11, 1289, 2089
What are the prime factors of 113146396?
2, 11, 2571509
List the prime factors of 6702768.
2, 3, 89, 523
List the prime factors of 656633016.
2, 3, 13, 701531
List the prime factors of 160508675.
5, 19, 461, 733
List the prime factors of 2674820161.
13, 419, 607, 809
List the prime factors of 134921527.
13, 19, 546241
List the prime factors of 46429454.
2, 23214727
List the prime factors of 450235.
5, 53, 1699
What are the prime factors of 2372406?
2, 3, 233, 1697
What are the prime factors of 167358267?
3, 73, 254731
List the prime factors of 591117308.
2, 47, 401, 7841
List the prime factors of 28446957.
3, 7, 11, 4561
What are the prime factors of 178616594?
2, 13, 6869869
List the prime factors of 63367441.
31, 2044111
List the prime factors of 95943091.
53, 1810247
List the prime factors of 187933758.
2, 3, 1319, 23747
What are the prime factors of 2689607347?
7, 384229621
What are the prime factors of 46109151?
3, 11, 17, 27397
What are the prime factors of 6474143?
13, 67, 7433
List the prime factors of 725804691.
3, 37, 47, 139123
List the prime factors of 63315721.
7, 47, 223, 863
What are the prime factors of 221435713?
37, 5984749
List the prime factors of 29070851.
29070851
What are the prime factors of 55620604?
2, 13, 82279
List the prime factors of 1082427008.
2, 13, 37, 17581
List the prime factors of 421287815.
5, 13, 149, 43499
List the prime factors of 26090753.
13, 127, 15803
List the prime fac